ppose 0 = 4*c - 16*c - c. Suppose -2*j + z + 38 = c. What is the tens digit of j?
1
Let g(m) = -6*m + 92. Let t be g(12). What is the hundreds digit of (2256/t)/(2 + 51/(-30))?
3
Let h = -5105 + 21114. What is the tens digit of h?
0
Suppose 814 = -4*p + 5*p - j, p - 5*j = 806. Suppose 5*o - 5 = 0, -t = 2*t - 3*o + p. Let z = t - -427. What is the hundreds digit of z?
1
Let l(f) be the second derivative of -19*f**5/120 - 5*f**4/8 + f**3/6 - 19*f. Let x(s) be the second derivative of l(s). What is the units digit of x(-7)?
8
Let z = 7701 + -5390. What is the hundreds digit of z?
3
Let o be 6/9 - (3 + 440/(-15)). Suppose 6*q - q + 10 = 4*k, -o = -5*k - q. Suppose 276 = -k*t + 9*t. What is the units digit of t?
9
Suppose 0 = -x - 2*s + 6*s + 23583, -3*x + s = -70782. What is the ten thousands digit of x?
2
Let t = -957 + 5010. What is the hundreds digit of t?
0
Let b(q) = 5*q**3 + 2*q**2 - 5*q + 3. Let i be b(1). Suppose 5*n = -i*n - 870. Let j = -72 - n. What is the units digit of j?
5
Let m = 435 + -429. Suppose -2680 = -3*a + 4*h - m, 4*a = h + 3548. What is the units digit of a?
6
Let v(d) be the third derivative of d**5/20 + 5*d**4/24 - d**3 - d**2 + 16. What is the hundreds digit of v(-8)?
1
Let x(a) = 3*a**3 + 19*a**2 + a + 2. Let k be x(-6). Let g = 34 - k. Suppose 3*u - g*u = o - 123, 5*o - 627 = -u. What is the hundreds digit of o?
1
Let b = -3201 - -4933. What is the hundreds digit of b?
7
Suppose 88 = -5*d + 4*j, -63*j + 67*j = 2*d + 28. What is the tens digit of (d/(-16) - 1) + (-3951)/(-36)?
1
Suppose -3*v = v - 8. Let l(s) = -s**3 + 18*s**2 - 32*s + 22. Let r be l(16). Suppose 420 = v*k + r. What is the units digit of k?
9
Let m(c) = 7 + 13*c**2 + c**3 - 4 - 2 - 3*c**3 - 6*c. Let u be m(6). What is the units digit of (7/u - 2) + -4?
1
Let f(p) = p**3 + 7*p**2 + 5*p + 9. Let c be f(-6). Suppose -222 = 3*q - c. Let j = q + 123. What is the units digit of j?
4
Let c = 115 - 114. Suppose 3*j + c + 591 = h, 2*h = -3*j + 1184. What is the hundreds digit of h?
5
Let k(z) = -292*z + 28. Let p(w) = -292*w + 29. Let q(t) = -3*k(t) + 4*p(t). What is the tens digit of q(-3)?
0
Let s = -1961 - -2753. Suppose -1086 = -2*x - h, -3*x + 823 = 5*h - s. What is the units digit of x?
5
Let b(h) = 13*h**2 + 262*h + 513. What is the ten thousands digit of b(-56)?
2
Suppose -9*t - 13*t + 260192 + 63428 = 0. What is the units digit of t?
0
Let s(h) = -5*h**2 - 9*h + 7. Let y be s(-16). Let l = y + 1991. What is the units digit of l?
2
Let d(q) = -q**3 + 68*q**2 - 34*q + 100. What is the hundreds digit of d(67)?
3
Suppose -2*d = -2*u + 22, 4*u - d - 47 = -0*d. Suppose o = -u*o. Suppose o = 2*w - 8*w + 840. What is the hundreds digit of w?
1
Suppose 0 = -4*o + 3*g, -4*o - 3*g = -o. Suppose 5*w + 80 = k, 5*k = -5*w - o*k - 110. Let d = w + 138. What is the units digit of d?
1
Let w be 297/18 - (5/(-2))/(-5). Let h(f) = 2*f**3 - 32*f**2 + 19*f - 28. What is the hundreds digit of h(w)?
2
What is the hundreds digit of 11/22 + (430028/28)/(16/56)?
7
Suppose 0 = 32*n - 1185033 + 377788 - 892851. What is the thousands digit of n?
3
Let n(b) = b**2 - b + 1. Let y(m) = -7*m**2 + 21*m - 44. Let w(c) = 6*n(c) + y(c). Let z be w(24). Let g = 432 + z. What is the units digit of g?
8
Suppose 17*d - 584 = 25*d. Let o = 79 + d. What is the hundreds digit of (531/3 - -3) + o/3?
1
Let r be (0 - (-8)/2) + -174 + 1. Let w = r + 393. What is the hundreds digit of w?
2
Let s(l) = -334*l - 1064. What is the hundreds digit of s(-5)?
6
Let p be ((-81)/(-12))/(2/8). Let z be 36/p + 23/3. Suppose -4*u - 440 = -z*u. What is the tens digit of u?
8
What is the ten thousands digit of -2 + 12*((4 - 2) + 2853)?
3
Let u = -1228 - -6534. What is the tens digit of u?
0
Suppose -2845*a = -2842*a - 15633. What is the units digit of a?
1
Suppose -249*k = -242*k - 25858. What is the tens digit of k?
9
Let n = 3146 + -2351. What is the units digit of n?
5
Suppose 39*g + 5*n = 34*g + 29340, 0 = 3*g + 5*n - 17602. What is the units digit of g?
9
Let k(z) = 390*z**2 + 117*z - 5. What is the thousands digit of k(-6)?
3
Let h be -6 + -5 + 5 - 1316/1. Let z = h + 2318. What is the units digit of z?
6
Let z = 55 + -47. Let o(n) = 2*n**2 + 49*n - 41. Let x(c) = -c**2 - 16*c + 14. Let u(i) = -4*o(i) - 11*x(i). What is the tens digit of u(z)?
4
Suppose -41*w = 26*w - 59*w - 652136. What is the units digit of w?
7
Let s(t) = t**3 - 4*t**2 + 4*t - 13. Let n = -32 + 36. Let g be s(n). Let j = 56 + g. What is the tens digit of j?
5
Let t(b) = b**3 - 10*b**2 - 79*b + 190. What is the thousands digit of t(34)?
5
Suppose -1066 = -f - 5*y + 3*y, -5*y = 0. Suppose -7*t = -f - 313. What is the hundreds digit of (-1 - ((-12)/(-3))/(-2))*t?
1
Let u be (34/14 + -3)/(10/(-35)). Suppose 5*k + 2380 = -u*k. Let w = -175 - k. What is the units digit of w?
5
Let t = 574 - 433. Let r = 114 - 176. Let c = r + t. What is the units digit of c?
9
Let p be 15/25 - (-82)/5. Let q = p - -36. What is the units digit of q?
3
What is the hundreds digit of (-6 + 8)*(12 - -1771)?
5
Let a = 675 + -1193. What is the tens digit of (-4160)/(-14) + 74/a?
9
Let v(f) be the first derivative of -f**3 - 7*f**2/2 - 10*f - 10. Let a be v(-6). Let p = a - -173. What is the units digit of p?
7
Suppose 0 = 12*j + 243 - 231. Let s(v) = 11*v - 3. Let g(h) = -23*h + 6. Let n(y) = -3*g(y) - 7*s(y). What is the tens digit of n(j)?
1
Let v(w) = 2*w**3 - 5*w**2 - 71*w + 5. What is the hundreds digit of v(11)?
2
Suppose -6*f - 13*f + 38 = 0. Suppose 14 = -3*g + 101. Suppose -4*q + 0*a + 2*a = -104, -q + f*a = -g. What is the units digit of q?
5
Suppose 167 = -7*n + 398. Let w = n + -89. What is the units digit of 16/w + -1 + 268/7?
7
Let q = 90 - 89. What is the tens digit of (q - 0 - 91)*(-4)/12?
3
Suppose 1447 + 797 = -12*l. Let k(p) = 2*p**2 - 4*p + 2. Let a be k(2). What is the units digit of a/(-4) - l/2?
3
Let w = -35505 - -57370. What is the tens digit of w?
6
Let b(j) = -19*j**2 - j - 23. Let i be b(-5). Let n = i - -1595. What is the thousands digit of n?
1
Let z be 4/((-3)/((-3)/2)) + -2. Suppose 144*y - 145*y + 692 = z. What is the hundreds digit of y?
6
Let p(v) be the third derivative of 17*v**5/20 + 5*v**4/12 + 19*v**3/6 + 21*v**2 - 1. What is the hundreds digit of p(-4)?
7
Let o = -43 + 23. Let p(q) = -3*q - 65. Let n be p(o). What is the hundreds digit of -22*n/(-10)*-12?
1
What is the tens digit of ((2 - -1) + 0 - (-54 + 63)) + 7387?
8
Let p = -9508 + 15822. Let g = p - 4468. What is the tens digit of g?
4
Let q(d) be the second derivative of -d**4/12 - 11*d**3/6 + 7*d**2 + 16*d. Let s be q(-8). Suppose 0 = s*p - 40*p + 140. What is the units digit of p?
0
Let f(l) = -130 - 123 - 104 + 41 + 33 - 135*l. What is the units digit of f(-11)?
2
Suppose 5*f - 8 = 2*x, -4*f + 6 = -2*x - 0*x. Suppose 0 = 5*y - 15, 2*y = f*g + 3*y - 1853. What is the units digit of g?
5
Let l be (-3)/6*-2 + -2. Let p be ((-2)/6 + 1)*(l - -4). Suppose 0 = -p*b + 44 - 12. What is the tens digit of b?
1
Suppose -502*i + 497*i - 75 = 0. What is the units digit of ((-66)/i)/((-679)/170 + 4)?
8
Let r(b) = 11*b + 7. Let n be r(-1). What is the hundreds digit of -12 + 1115 - 20/n?
1
Suppose 4*x - 118 = -2. Suppose -35675 = -x*j + 4*j. What is the tens digit of j?
2
Suppose -2*o = -3*w + 34454, -23*w + 45936 = -19*w - 4*o. What is the hundreds digit of w?
4
Suppose -4*y = 12*z - 9*z - 7321, -3*y = -z + 2449. What is the tens digit of z?
4
Let v = 414 - 430. Let i(r) = -124*r - 38. What is the units digit of i(v)?
6
Let l(a) = -78*a**3 - a**2 + 26*a - 16. What is the tens digit of l(-7)?
0
Let n be (3 + -1)/((-36)/(-414)). Let h(k) = k**3 - 22*k**2 - 28*k - 28. Let v be h(n). Let b = 1 - v. What is the units digit of b?
4
Let t = 31 + -28. Suppose -t*y + 24 = -5*l, -l = 3 - 0. Suppose -y*r + 5*r - 223 = -5*b, -347 = -3*r - 5*b. What is the units digit of r?
4
What is the units digit of (((-218)/6)/(-1))/((-10)/(-3030))?
9
Let l(b) = -5*b**3 - 3*b**2 - 4*b - 4. Let a be l(-2). Let g(k) = -24*k - a*k - 18 + 49*k. What is the units digit of g(-4)?
0
Let l be (-1)/(-1)*(-11 - -16). Suppose -24 = -2*b - l*f + 44, 4 = -f. Let x = 36 + b. What is the tens digit of x?
8
What is the ten thousands digit of (4/12)/((-16)/(-2020848))?
4
Let s = -53461 + 101179. What is the thousands digi